79443145?
3
What is the hundred millions digit of 198926112?
1
What is the millions digit of 158854937?
8
What is the ten thousands digit of 391103856?
0
What is the thousands digit of 119540459?
0
What is the tens digit of 97883537?
3
What is the tens digit of 392735223?
2
What is the hundreds digit of 190098080?
0
What is the thousands digit of 530200070?
0
What is the billions digit of 1684081898?
1
What is the billions digit of 2318828392?
2
What is the tens digit of 2179089185?
8
What is the tens digit of 266194216?
1
What is the thousands digit of 281262963?
2
What is the ten millions digit of 30482335?
3
What is the millions digit of 5501894571?
1
What is the units digit of 285675783?
3
What is the hundred millions digit of 2166062842?
1
What is the tens digit of 4775157066?
6
What is the ten thousands digit of 33774924?
7
What is the tens digit of 25107163?
6
What is the units digit of 406827032?
2
What is the ten millions digit of 2041196501?
4
What is the units digit of 243654766?
6
What is the units digit of 87503944?
4
What is the ten thousands digit of 56851523?
5
What is the hundred thousands digit of 5552120081?
1
What is the thousands digit of 161666962?
6
What is the hundred thousands digit of 4152960065?
9
What is the ten thousands digit of 51891266?
9
What is the hundred millions digit of 311281593?
3
What is the units digit of 36798121?
1
What is the tens digit of 101831168?
6
What is the hundred thousands digit of 2044295065?
2
What is the hundreds digit of 26930727?
7
What is the units digit of 11462048?
8
What is the hundred thousands digit of 2384726810?
7
What is the millions digit of 6141564?
6
What is the thousands digit of 195397297?
7
What is the ten millions digit of 43876242?
4
What is the hundred millions digit of 491761003?
4
What is the hundred millions digit of 2158909958?
1
What is the units digit of 51057371?
1
What is the ten thousands digit of 1094289418?
8
What is the millions digit of 1984815404?
4
What is the ten thousands digit of 2494635921?
3
What is the tens digit of 33495755?
5
What is the ten thousands digit of 108119905?
1
What is the thousands digit of 2092923518?
3
What is the units digit of 150658782?
2
What is the ten millions digit of 274183692?
7
What is the ten thousands digit of 170669328?
6
What is the millions digit of 5256392096?
6
What is the hundred thousands digit of 99263082?
2
What is the hundred thousands digit of 207985763?
9
What is the hundreds digit of 35178619?
6
What is the ten millions digit of 7711113126?
1
What is the units digit of 1405408822?
2
What is the thousands digit of 174855387?
5
What is the thousands digit of 2050951109?
1
What is the ten thousands digit of 92000090?
0
What is the units digit of 89814109?
9
What is the units digit of 75536051?
1
What is the ten thousands digit of 634423738?
2
What is the ten millions digit of 505259938?
0
What is the thousands digit of 404354167?
4
What is the ten thousands digit of 420629813?
2
What is the hundred thousands digit of 121804364?
8
What is the thousands digit of 21323080?
3
What is the hundred thousands digit of 33466229?
4
What is the ten millions digit of 37180625?
3
What is the ten millions digit of 1055360805?
5
What is the tens digit of 846904845?
4
What is the millions digit of 342916857?
2
What is the ten thousands digit of 681372790?
7
What is the thousands digit of 34335512?
5
What is the units digit of 1013389942?
2
What is the billions digit of 5361183564?
5
What is the tens digit of 56321696?
9
What is the millions digit of 1294105280?
4
What is the tens digit of 66144749?
4
What is the thousands digit of 1822276523?
6
What is the ten millions digit of 33365267?
3
What is the thousands digit of 61642892?
2
What is the hundreds digit of 17941310?
3
What is the tens digit of 52480590?
9
What is the units digit of 44185206?
6
What is the ten millions digit of 37447979?
3
What is the thousands digit of 8446499255?
9
What is the units digit of 88902892?
2
What is the ten thousands digit of 153791034?
9
What is the ten thousands digit of 74170869?
7
What is the hundred thousands digit of 4872891217?
8
What is the millions digit of 98674127?
8
What is the hundred thousands digit of 1148174687?
1
What is the units digit of 3277431872?
2
What is the hundreds digit of 18791378?
3
What is the ten millions digit of 731520255?
3
What is the hundreds digit of 93547400?
4
What is the millions digit of 90295922?
0
What is the millions digit of 76804414?
6
What is the hundred millions digit of 199720258?
1
What is the tens digit of 221589665?
6
What is the units digit of 612306350?
0
What is the tens digit of 945967993?
9
What is the billions digit of 2491023885?
2
What is the ten thousands digit of 24380435?
8
What is the ten thousands digit of 383238998?
3
What is the hundred millions digit of 1821616245?
8
What is the thousands digit of 580607179?
7
What is the hundred thousands digit of 100070391?
0
What is the hundred thousands digit of 1218299402?
2
What is the units digit of 13182750?
0
What is the ten millions digit of 200917698?
0
What is the thousands digit of 1220246400?
6
What is the hundreds digit of 70709663?
6
What is the tens digit of 32201022?
2
What is the ten millions digit of 1211285233?
1
What is the thousands digit of 34549090?
9
What is the millions digit of 5697243?
5
What is the hundred millions digit of 2971265182?
9
What is the hundreds digit of 1133030182?
1
What is the hundreds digit of 181033280?
2
What is the ten thousands digit of 3334881766?
8
What is the hundreds digit of 1484971224?
2
What is the thousands digit of 71008635?
8
What is the ten millions digit of 55876894?
5
What is the tens digit of 1523278509?
0
What is the tens digit of 490179196?
9
What is the hundred thousands digit of 883848963?
8
What is the hundred thousands digit of 1155808470?
8
What is the hundreds digit of 458385718?
7
What is the hundred thousands digit of 273405585?
4
What is the tens digit of 5214668910?
1
What is the units digit of 318082377?
7
What is the ten thousands digit of 28658922?
5
What is the hundred thousands digit of 520131646?
1
What is the ten millions digit of 23922874?
2
What is the thousands digit of 6076914342?
4
What is the hundred thousands digit of 34319056?
3
What is the millions digit of 95348415?
5
What is the hundreds digit of 494943292?
2
What is the ten millions digit of 121850812?
2
What is the thousands digit of 5943055825?
5
What is the millions digit of 436259098?
6
What is the hundreds digit of 5211988756?
7
What is the hundred thousands digit of 215884673?
8
What is the tens digit of 73299889?
8
What is the tens digit of 143262526?
2
What is the tens digit of 49764973?
7
What is the ten millions digit of 338426075?
3
What is the units digit of 383482381?
1
What is the thousands digit of 792816235?
6
What is the ten thousands digit of 453450450?
5
What is the millions digit of 5874296609?
4
What is the thousands digit of 90091529?
1
What is the hundred millions digit of 250889912?
2
What is the hundreds digit of 354321604?
6
What is the thousands digit of 23300914?
0
What is the thousands digit of 56403954?
3
What is the hundreds digit of 397580924?
9
What is the millions digit of 645707043?
5
What is the ten thousands digit of 753862644?
6
What is the ten thousands digit of 2939344?
3
What is the tens digit of 21821755?
5
What is the ten millions digit of 2407373010?
0
What is the hundred millions digit of 791461565?
7
What is the thousands digit of 411037?
1
What is the ten millions digit of 4622215917?
2
What is the ten thousands digit of 2397165?
9
What is the thousands digit of 153820534?
0
What is the tens digit of 47708685?
8
What is the thousands digit of 808357062?
7
What is the ten thousands digit of 1005331442?
3
What is the thousands digit of 191571232?
1
What is the units digit of 44311845?
5
What is the ten millions digit of 1728364712?
2
What is the millions digit of 142911208?
2
What is the hundred thousands digit of 33566620?
5
What is the hundred millions digit of 194360784?
1
What is the ten millions digit of 261248315?
6
What is the millions digit of 43076212?
3
What is the tens digit of 650682953?
5
What is the thousands digit of 273417081?
7
Wh